base 7, what is 205326 - 433?
204563
In base 7, what is 11234100 - -6?
11234106
In base 14, what is -5 - -2d2dc?
2d2d7
In base 12, what is 86923a2 - -4?
86923a6
In base 14, what is 3 - 3d4308?
-3d4305
In base 7, what is -4 + 32044?
32040
In base 5, what is -23343330 + -21?
-23343401
In base 5, what is -4 + -1010302424?
-1010302433
In base 10, what is -858 + -2686?
-3544
In base 7, what is -24 + -32306106?
-32306133
In base 11, what is -310 - -109635?
109325
In base 16, what is -2 - -a151d1?
a151cf
In base 3, what is 22012010100102 + -11?
22012010100021
In base 6, what is -1445 + -303114?
-305003
In base 2, what is -11100011100111 + -1110111000?
-11110010011111
In base 3, what is -122222002010 + -12201212?
-200011210222
In base 8, what is -10350 - -12623?
2253
In base 11, what is 83a1928 + -7?
83a1921
In base 12, what is -6393709 + 2?
-6393707
In base 8, what is 5 - 52755005?
-52755000
In base 14, what is -118654 + -7?
-11865b
In base 10, what is 1038 + -20635?
-19597
In base 7, what is 1 - 126203024?
-126203023
In base 15, what is 6 + 36139e?
3613a5
In base 12, what is -2 - 509471?
-509473
In base 8, what is -377 - 25233?
-25632
In base 9, what is 12 + 2232325?
2232337
In base 13, what is 184 + -5a697?
-5a513
In base 10, what is 3342442 + -11?
3342431
In base 7, what is -2020613000 + 2?
-2020612665
In base 12, what is -114 + -17594a7?
-17595bb
In base 15, what is 95 + -4930eb?
-493056
In base 4, what is -1 + 1003203310320?
1003203310313
In base 15, what is 8107c50 - 4?
8107c4b
In base 14, what is 632207c9 + 4?
632207cd
In base 14, what is 3114ca9 - -1?
3114caa
In base 15, what is -b + -1461126?
-1461132
In base 8, what is 35652 + -1130?
34522
In base 10, what is -199 - -414113?
413914
In base 10, what is -770059 + 5?
-770054
In base 2, what is 1 - -111100101111000010110000011?
111100101111000010110000100
In base 9, what is -1711 - -73615?
71804
In base 4, what is 303221100 - -21313?
303303013
In base 12, what is 114 - 11212?
-110ba
In base 15, what is 11e + -5393?
-5274
In base 7, what is 512 - 131624?
-131112
In base 14, what is -17d + -86108?
-86287
In base 5, what is 10241324244 + -14?
10241324230
In base 9, what is 138 - -817765?
818014
In base 4, what is 231 + -322231023?
-322230132
In base 16, what is 29401 + -289?
29178
In base 3, what is -11222 + 21112012?
21100020
In base 4, what is -13220230223 - 120?
-13220231003
In base 4, what is 12131110 - 1220120?
10310330
In base 4, what is 3011322031 - 11?
3011322020
In base 3, what is -10 + -1122002122222102?
-1122002122222112
In base 5, what is 0 + -100410432?
-100410432
In base 6, what is -1220 - -521320?
520100
In base 6, what is 4 - -10221344445?
10221344453
In base 16, what is -2b56 + 17e?
-29d8
In base 11, what is 3303 + 788?
3a90
In base 6, what is -10551301 + 231?
-10551030
In base 5, what is 20 + 32021114?
32021134
In base 16, what is -3845752 + -7?
-3845759
In base 4, what is 22121313 + 23010?
22210323
In base 15, what is 336aa56 - 2?
336aa54
In base 16, what is d8f - 543?
84c
In base 16, what is -2476c - 4b2?
-24c1e
In base 4, what is 1211312003210020 - -2?
1211312003210022
In base 4, what is 3322102 + 10200?
3332302
In base 11, what is -8720528 - 11?
-8720539
In base 10, what is 6 - -10109806?
10109812
In base 4, what is -1231031232323 - 3?
-1231031232332
In base 11, what is 9 - 5126aa?
-5126a1
In base 15, what is 29 + 20752?
2077b
In base 15, what is -7 + 1992c1?
1992b9
In base 9, what is 13686880 - -1?
13686881
In base 3, what is -11 + -2001102002011222?
-2001102002012010
In base 5, what is -20204423331 - 3?
-20204423334
In base 4, what is 3 + -1021332233123?
-1021332233120
In base 11, what is 36 + -1a27007?
-1a26a81
In base 16, what is 2ef09 + 468?
2f371
In base 10, what is -1614277 - -14?
-1614263
In base 3, what is -11120 - 102101221222002?
-102101222010122
In base 16, what is 1638e + -10?
1637e
In base 14, what is 33 + -539bc?
-53989
In base 2, what is 1101110011111101111 - -1000?
1101110011111110111
In base 5, what is 144443412 - -24?
144443441
In base 15, what is 27524 - 57?
274bc
In base 6, what is 12430335 - -340?
12431115
In base 4, what is 120 + 13100001?
13100121
In base 16, what is 9e5 - -1990?
2375
In base 9, what is -2 - -6544516?
6544514
In base 9, what is 31576 - -1712?
33388
In base 2, what is 10110100 + -111001100011110111?
-111001100001000011
In base 6, what is -1 + 30313441?
30313440
In base 2, what is 10 - 1011110100011110110101111100?
-1011110100011110110101111010
In base 6, what is -10553132422 - 3?
-10553132425
In base 12, what is 584252 + 91?
584323
In base 10, what is 243351 - 80?
243271
In base 11, what is 92a29a2 - 1?
92a29a1
In base 15, what is 4430 + 5db9?
a2e9
In base 16, what is -122 + -61de?
-6300
In base 9, what is 246 + -876617?
-876361
In base 3, what is 1111222002 + -2001200?
1102220102
In base 12, what is -b0 + 8ba6?
8ab6
In base 5, what is -2134 - -1330421?
1323232
In base 16, what is -10f3ea - -4?
-10f3e6
In base 5, what is 34 + 11242022444?
11242023033
In base 16, what is 4 - 14aae00?
-14aadfc
In base 3, what is -220100112111 + 10102?
-220100102002
In base 11, what is -422a - -17847?
13618
In base 3, what is 2012001100010 - -12022?
2012001112102
In base 14, what is 3 + -122da85c?
-122da859
In base 2, what is 0 - 1000110100000011010001111001?
-1000110100000011010001111001
In base 3, what is 2002012200100 - -11?
2002012200111
In base 14, what is -5 + -68c5a14?
-68c5a19
In base 10, what is -2163 + -3789?
-5952
In base 9, what is -4857052 + 40?
-4857012
In base 9, what is -1 + -2415053?
-2415054
In base 12, what is -b8a99 + 14?
-b8a85
In base 2, what is -1100111010010 - 11010111001011?
-100111110011101
In base 4, what is 1113023022 - -11203?
1113100231
In base 11, what is -166 + -171129a?
-1711455
In base 14, what is 4dc2cc + -4?
4dc2c8
In base 13, what is 209ba7 - 599?
20960b
In base 4, what is -2120 - -1223021303?
1223013123
In base 15, what is 39971 - -33?
399a4
In base 6, what is 0 - 2351320?
-2351320
In base 12, what is -15a - -478550?
4783b2
In base 11, what is 436 - -47138a?
471815
In base 8, what is -61166746 - 36?
-61167004
In base 12, what is -685 - -2b808?
2b143
In base 10, what is 1926352 - -12?
1926364
In base 4, what is -22 - 3120033312?
-3120100000
In base 9, what is -3283 + -7755?
-12148
In base 10, what is 291247 + -19?
291228
In base 12, what is 271925b + 4b?
27192aa
In base 5, what is -2 - 342401312004?
-342401312011
In base 6, what is 101 - 2050321033?
-2050320532
In base 11, what is 351 - -29305?
29656
In base 14, what is 2a0c + -940?
20ac
In base 3, what is 10022010 + 101020?
10200100
In base 3, what is 10201112012 - -120210112?
11022022201
In base 13, what is -37004b - 497?
-370515
In base 2, what is -1101000110111010011 - 1?
-1101000110111010100
In base 12, what is -19823251 + -13?
-19823264
In base 4, what is 200233 + 31223020?
32023313
In base 12, what is 1189 - aaa7?
-991a
In base 11, what is -143748 - 538?
-144185
In base 4, what is -1103 - 111203013?
-111210122
In base 15, what is 1147e8 + 6?
1147ee
In base 4, what is -2320301010 + -2231?
-2320303301
In base 2, what is 1 - -101001000111011001111?
101001000111011010000
In base 16, what is -1bf7c9 + -a?
-1bf7d3
In base 16, what is -49afe4e + -3?
-49afe51
In base 9, what is -1873633 - 171?
-1873814
In base 4, what is 1001020032 - -20?
1001020112
In base 6, what is -335102501 - 303?
-335103204
In base 5, what is 1 + 14413401313?
14413401314
In base 3, what is -12 - -11212200120021010?
11212200120020221
In base 15, what is -5a17013 + -1?
-5a17014
In base 3, what is 1020 - -11010211220?
11010220010
In base 6, what is -221142 + 21355?
-155343
In base 9, what is -8576 + 354?
-8222
In base 13, what is -419c2 - 41?
-41a33
In base 14, what is -18 - 78cc?
-7906
In base 7, what is -1213 - -1545600?
1544354
In base 6, what is -3 + 14131025342?
14131025335
In base 2, what is -1100010000111110 - -100110001001000?
-111011111110110
In base 4, what is 2032310331 + 0?
2032310331
In base 13, what is 22258a02 - 4?
222589cb
In base 7, what is 412 + -336325?
-335613
In base 13, what is 2 + 443acb?
443b00
In base 2, what is -110101100100001 + -1011101001101?
-1000001001101110
In base 9, what is 3 + 23408743?
23408746
In base 11, what is 288558 + 11?
288569
In base 13, what is 3486aa6